b is divided by o.
3
Calculate the remainder when ((-1)/(30/642))/(1/(-15)) is divided by 12.
9
Let w = 1494 + -802. Calculate the remainder when w is divided by 62.
10
Suppose 442 = 8*w + 10. Suppose -w = -4*y + 94. Let o = -2 + y. Calculate the remainder when o is divided by 12.
11
Let b be 205 + (-12 + 7 - 0). Suppose 3*d + 5*z - 128 = 24, b = 4*d + 4*z. Calculate the remainder when -1 + 3/(3/194) is divided by d.
46
Let s(c) = -2*c**2 + 78*c - 46. Let h(p) = -6*p + 62. Let n be h(4). Calculate the remainder when 143 is divided by s(n).
23
Suppose 3*x = -36 + 162. Calculate the remainder when x is divided by 12 + 1162/112 + 6/(-16).
20
Let i be 7*(0 + (-6 - -8)). Suppose 15*f - 14*f - i = 0. What is the remainder when 37 is divided by f?
9
Calculate the remainder when 163 is divided by (1/(-4))/((-438)/85848).
16
Let u = -92 - -162. Suppose 3*y - 500 = -5*z + 151, 5*z - 699 = 3*y. Calculate the remainder when z is divided by u.
65
Suppose -3*z - 790 = -2*k, 2*z - k + 528 = -0*k. Let r = -8228 - -8274. Calculate the remainder when 2/(z/134 + 2) is divided by r.
42
Let t = 2 + 6. Let z = 4236 + -4233. What is the remainder when t is divided by z?
2
Suppose -641 = -6*o - 209. What is the remainder when o is divided by -116*(-2)/(-1)*10/(-80)?
14
Let y = -39 - -39. Let v = -28 - -36. Calculate the remainder when 3/(3 + y)*29 is divided by v.
5
What is the remainder when (454274/310)/((-2)/(-10)) is divided by 32?
31
Let c = -69 - -76. Let b(l) = -l**3 + 10*l**2 - 6*l - 9. What is the remainder when b(c) is divided by 14?
12
Suppose -4*t = -2*j + 58, -5*t + j - 5 = 60. What is the remainder when 58 is divided by (t/30)/((-2)/150)?
28
Calculate the remainder when 1341/596 + 76012/16 is divided by 44.
1
Let a be (117/26)/(2/(-16)*-6). Suppose -n + 12 = -2*l - a, 0 = 4*l - 20. Calculate the remainder when 669 is divided by n.
25
Suppose -x = -2*g + 127, -4*g + 3*x + 90 = -159. Let i(v) = 5*v + 94. Calculate the remainder when g is divided by i(-13).
8
Suppose -4*o + 32 = -o - 5*q, -2*q - 8 = 0. Suppose 0*i = -2*i. Suppose -4*a = -h + 11, o*h = -i*h - 2*a + 116. What is the remainder when h is divided by 7?
6
Suppose 5*m + 181 = 4*i, 1380*m = -4*i + 1378*m + 174. Calculate the remainder when 2282 is divided by i.
38
Suppose 169*c + 219648 = 312195 + 303758. What is the remainder when c is divided by 28?
21
Let o = 32662 + -32480. Calculate the remainder when o is divided by 105.
77
Let i(k) be the third derivative of -k**6/120 + 17*k**5/60 + 19*k**4/24 + 29*k**3/6 - 52*k**2. Calculate the remainder when i(18) is divided by 12.
11
Let r(w) = -w**2 + 58*w + 1226. Calculate the remainder when r(66) is divided by 50.
48
Let r = 110 - 90. Calculate the remainder when (-4280)/(-24) - (1 - (-10)/(-6)) is divided by r.
19
Let t(g) = g. Let h(b) = 5*b + 2. Let w(q) = 6*q + 3. Let y(x) = 4*h(x) - 3*w(x). Let u(o) = 5*t(o) - y(o). Calculate the remainder when 28 is divided by u(3).
8
Let x = -375 + 384. Suppose 22*l - 260 = x*l. Let z = -27 + 80. Calculate the remainder when z is divided by l.
13
Let m be (-1*(-18)/(-15))/((-3)/(-195)). Let d be 2*-1 + m/(-1 + -5). Suppose 4*o - d = -p, -5*p + 7 = -o - 2*p. What is the remainder when 32 is divided by o?
0
Calculate the remainder when 1613 is divided by (360/(-7695)*-38)/(1/18).
13
Let r(p) = -p**3 - 7*p**2 + p - 21. Let a be r(-9). Suppose -a = -9*v + 48. Suppose -2*y + 180 - 64 = 0. Calculate the remainder when y is divided by v.
18
Let v be (-38 + 17)*(-19)/3*1. Let w = 145 - v. Calculate the remainder when 20 is divided by w.
8
Suppose 2*z + 461 - 14 = 3*l, 2*l - 309 = 5*z. Let x be (2/(-3))/((-2)/l). Let h = 51 - x. What is the remainder when 3 is divided by h?
1
Let p = -79 - -79. Let g(i) be the second derivative of i**5/20 - i**4/6 + i**3/6 + 69*i**2/2 + 2*i. Calculate the remainder when g(p) is divided by 10.
9
Let z be (-4)/(-5) - (-1 + (-36)/(-20)). Suppose 2*g = -2*b + 182, z = 4*g + 6*b - 4*b - 366. What is the remainder when g is divided by 48?
44
Let m(h) be the third derivative of -h**4/6 - 5*h**3/3 + 33*h**2. Let d be m(-7). Suppose -392 = 14*a - d*a. Calculate the remainder when a is divided by 5.
3
Suppose 12 = 2*f - 36. Let w = f - -5. What is the remainder when 85 is divided by w?
27
Suppose d + 15*i - 69 = 10*i, 5*d + 2*i = 460. What is the remainder when 957 is divided by d?
17
Let i = -6412 - -6500. What is the remainder when i is divided by 15?
13
Let w = -421 - -712. Suppose w = 25*p - 22*p. What is the remainder when p is divided by 42?
13
Let b(l) = -4*l - 3. Let k be b(-2). Suppose -2*m = z + 4 + k, 15 = -4*m + z. Let x = 45 - m. Calculate the remainder when x is divided by 14.
7
Let i = -96 + 105. Suppose 116*l - 5350 = 66*l. What is the remainder when l is divided by i?
8
Let h(n) = -n**3 - 96*n**2 + 96*n - 36. Calculate the remainder when 6342 is divided by h(-97).
59
Let i be (-4)/4*(-5)/1. Suppose -i*u - 1 + 11 = 0. Let g = 32 - u. What is the remainder when 59 is divided by g?
29
Let g(a) be the first derivative of -a**2 + 31*a - 2. Suppose -3*k = -2*k - 3*k. Calculate the remainder when 91 is divided by g(k).
29
Calculate the remainder when 756 is divided by ((-6)/(-12))/((-19)/(-760)).
16
Let w = 20000 + -19878. What is the remainder when 2334 is divided by w?
16
Let m be 5/(10/(-16)) + 3. Let c be (m + 8)*(8 - 1). What is the remainder when (-372)/(-14) - c/(-49) is divided by 15?
12
Let l(f) = 5*f**3 + f**2 - 19*f + 43. Suppose -78 + 2 = -4*k. Calculate the remainder when l(2) is divided by k.
11
Suppose -10*n - 12*n = -12*n - 560. What is the remainder when 833 is divided by n?
49
Suppose 3151 = 4*d - w, 3*d - 201 - 2162 = w. Calculate the remainder when d is divided by 204.
176
Suppose 0 = -5*u + 2447 + 73. Let g be 13*6/18 + 4/6. Suppose 0 = -4*h - k + u - 73, h = g*k + 134. What is the remainder when h is divided by 22?
21
Suppose 2*z - 12 = -c, 4 = 4*z - 17*c + 14*c. Let u = 23 - z. Let l(r) = r + 11. Calculate the remainder when u is divided by l(0).
8
Let u be 1/(2/60) - -8. Let w(v) = -7*v + 271. What is the remainder when 9 is divided by w(u)?
4
Let b(k) = 44*k**2 + 26*k + 11. What is the remainder when b(-2) is divided by 44?
3
Let p be ((-8)/16)/(1 - 14/12). Suppose -p*x = 10*w - 6*w - 199, 4*x + 12 = 0. Calculate the remainder when w is divided by 5.
2
Suppose 2*b - 113 = -4*x + 43, x - 39 = b. Let u(h) = -2*h**3 - 10*h**2 - 16*h - 54. What is the remainder when u(-9) is divided by x?
36
Let c = -6788 - -7701. Calculate the remainder when c is divided by 154.
143
Suppose 129 = 6*i + 3. Let k = 174 - 95. What is the remainder when k is divided by i?
16
Let z(p) = 10*p - 21. Let h(a) = 1 - 87*a**2 + 88*a**2 - 4. Let r be h(-3). What is the remainder when z(r) is divided by 11?
6
Let t = -49 + 53. Let b = t + -2. Suppose b*f - 39 + 1 = 0. Calculate the remainder when 110 is divided by f.
15
Let j(v) = -162*v + 2656. Calculate the remainder when 127 is divided by j(16).
63
Let i(o) = 2*o**2 - 2*o - 12. Let j = -25 - -70. Suppose 2*f + 150 = l, 2*l + j = -4*f + 305. Calculate the remainder when l is divided by i(-5).
44
Let w be (-19)/(-19) + 0 + 1. Suppose g = -4*k + 37 + 16, -w*g - 3*k = -86. What is the remainder when g is divided by 18?
1
Let o be (927/(-15) - -3)/(5/(-75)). Suppose -7*f + o = -0*f. Calculate the remainder when f is divided by 3*46/12 - 6/4.
6
Suppose -1776 = -11*o + 7*o. Calculate the remainder when o is divided by -9*6/(-9) - -8.
10
Let i = -12 + 20. Let x(l) = -2*l**3 + 18*l**2 + 12*l - 37. Calculate the remainder when x(9) is divided by 13/52 + 94/i.
11
Suppose 2*c + 4*h = -183 + 1457, 0 = -4*c + 4*h + 2620. What is the remainder when c is divided by 180?
109
Let z be (-13 - 343/(-21)) + (-4)/(-6). Calculate the remainder when (14/(-49))/(z/(-1414)) is divided by 17.
16
Let h(s) = 19*s + 1. Let z be h(-1). Let j(w) = -18*w + 6 - 19*w**2 - 125*w**3 - 122*w**3 + 246*w**3. What is the remainder when 46 is divided by j(z)?
4
Suppose 9*m - 356 = -2*d, 4*m - 177 = -32*d + 31*d. Calculate the remainder when d is divided by 96.
73
Suppose -62*j + 41*j + 6888 = 0. What is the remainder when j is divided by 117?
94
Let b = 89 + -53. What is the remainder when (-214)/(5 + -8 + 2) is divided by b?
34
What is the remainder when 2101 is divided by ((